{"id":1599,"date":"2021-10-18T01:57:52","date_gmt":"2021-10-18T01:57:52","guid":{"rendered":"https:\/\/protechlab.cl\/enzimas-industriales\/?page_id=1599"},"modified":"2021-12-13T14:33:53","modified_gmt":"2021-12-13T14:33:53","slug":"resultados-2","status":"publish","type":"page","link":"https:\/\/protechlab.cl\/enzimas-industriales\/resultados-2\/","title":{"rendered":"Resultados 2"},"content":{"rendered":"\t\t<div data-elementor-type=\"wp-page\" data-elementor-id=\"1599\" class=\"elementor elementor-1599\" data-elementor-settings=\"[]\">\n\t\t\t\t\t\t\t<div class=\"elementor-section-wrap\">\n\t\t\t\t\t\t\t<section class=\"elementor-section elementor-top-section elementor-element elementor-element-1ff98a5 elementor-section-boxed elementor-section-height-default elementor-section-height-default\" data-id=\"1ff98a5\" data-element_type=\"section\">\n\t\t\t\t\t\t<div class=\"elementor-container elementor-column-gap-default\">\n\t\t\t\t\t<div class=\"elementor-column elementor-col-100 elementor-top-column elementor-element elementor-element-fb51f44\" data-id=\"fb51f44\" data-element_type=\"column\">\n\t\t\t<div class=\"elementor-widget-wrap elementor-element-populated\">\n\t\t\t\t\t\t\t\t<div class=\"elementor-element elementor-element-4dfa1b5 elementor-widget elementor-widget-heading\" data-id=\"4dfa1b5\" data-element_type=\"widget\" data-widget_type=\"heading.default\">\n\t\t\t\t<div class=\"elementor-widget-container\">\n\t\t\t<h3 class=\"elementor-heading-title elementor-size-default\">RELACI\u00d3N APLICACI\u00d3N\/ORIGEN<\/h3>\t\t<\/div>\n\t\t\t\t<\/div>\n\t\t\t\t<div class=\"elementor-element elementor-element-5af455d elementor-widget elementor-widget-text-editor\" data-id=\"5af455d\" data-element_type=\"widget\" data-widget_type=\"text-editor.default\">\n\t\t\t\t<div class=\"elementor-widget-container\">\n\t\t\t\t\t\t\t\t<p style=\"text-align: justify;\">Con la finalidad de obtener un sistema que permita clasificar toda la informaci\u00f3n disponible de cada prote\u00edna, es que se cre\u00f3 una herramienta bioinform\u00e1tica que caracteriza mediante diversos descriptores moleculares todas las secuencias que conten\u00eda la base de datos de UNIPROT al a\u00f1o 2019, o sea, 350.000 secuencias de amino\u00e1cidos. Dichos descriptores corresponden a caracter\u00edsticas fisicoqu\u00edmicas, moleculares, de funci\u00f3n y estructura de cada prote\u00edna, los que fueron obtenidos desde lenguajes de programaci\u00f3n como R o Python, bases de datos, literatura y otros. Siendo un total de 31 descriptores moleculares que definen a cada secuencia, por lo tanto, la base de datos local desarrollada contiene 17.360.000 datos aproximadamente. Con esta informaci\u00f3n, el sistema permite obtener un ranking de las prote\u00ednas que seg\u00fan su caracterizaci\u00f3n de secuencia y estructura tienen una funci\u00f3n putativa.<\/p>\n<p style=\"text-align: justify;\">Con la gran informaci\u00f3n contenida en el sistema bioinform\u00e1tico el siguiente gr\u00e1fico es de gran utilidad para visualizar la directa relaci\u00f3n que existe entre cada uno de los descriptores y la funci\u00f3n extrem\u00f3fila que se espera de cada prote\u00edna.<\/p>\t\t\t\t\t\t<\/div>\n\t\t\t\t<\/div>\n\t\t\t\t\t<\/div>\n\t\t<\/div>\n\t\t\t\t\t\t\t<\/div>\n\t\t<\/section>\n\t\t\t\t<section class=\"elementor-section elementor-top-section elementor-element elementor-element-e1f23fe elementor-section-boxed elementor-section-height-default elementor-section-height-default\" data-id=\"e1f23fe\" data-element_type=\"section\">\n\t\t\t\t\t\t<div class=\"elementor-container elementor-column-gap-default\">\n\t\t\t\t\t<div class=\"elementor-column elementor-col-100 elementor-top-column elementor-element elementor-element-fdf6088\" data-id=\"fdf6088\" data-element_type=\"column\">\n\t\t\t<div class=\"elementor-widget-wrap elementor-element-populated\">\n\t\t\t\t\t\t\t\t<div class=\"elementor-element elementor-element-6f8c6ae elementor-widget elementor-widget-shortcode\" data-id=\"6f8c6ae\" data-element_type=\"widget\" data-widget_type=\"shortcode.default\">\n\t\t\t\t<div class=\"elementor-widget-container\">\n\t\t\t\t\t<div class=\"elementor-shortcode\"><style type=\"text\/css\">\r\n       .errordiv { padding:10px; margin:10px; border: 1px solid #555555;color: #000000;background-color: #f8f8f8; width:500px; }#advanced_iframe {visibility:visible;opacity:1;vertical-align:top;}.ai-info-bottom-iframe { position: fixed; z-index: 10000; bottom:0; left: 0; margin: 0px; text-align: center; width: 100%; background-color: #ff9999; padding-left: 5px;padding-bottom: 5px; border-top: 1px solid #aaa } a.ai-bold {font-weight: bold;}#ai-layer-div-advanced_iframe p {height:100%;margin:0;padding:0}<\/style><script type=\"text\/javascript\">var ai_iframe_width_advanced_iframe = 0;var ai_iframe_height_advanced_iframe = 0;function aiReceiveMessageadvanced_iframe(event) {  aiProcessMessage(event,\"advanced_iframe\", \"true\");}if (window.addEventListener) {  window.addEventListener(\"message\", aiReceiveMessageadvanced_iframe);} else if (el.attachEvent)  {  el.attachEvent(\"message\", aiReceiveMessageadvanced_iframe);}var aiIsIe8=false;var aiOnloadScrollTop=\"true\";var aiShowDebug=false;\r\n\t\tif (typeof aiReadyCallbacks === 'undefined') {\r\n\t\t\tvar aiReadyCallbacks = [];  \r\n\t\t} else if (!(aiReadyCallbacks instanceof Array)) {\r\n\t\t\tvar aiReadyCallbacks = [];\r\n\t\t}    function aiShowIframeId(id_iframe) { jQuery(\"#\"+id_iframe).css(\"visibility\", \"visible\");    }    function aiResizeIframeHeight(height) { aiResizeIframeHeight(height,advanced_iframe); }    function aiResizeIframeHeightId(height,width,id) {aiResizeIframeHeightById(id,height);}<\/script><iframe loading=\"lazy\" id=\"advanced_iframe\"  name=\"advanced_iframe\"  src=\"https:\/\/www.protechlab.cl\/claudia\/containerSankey.html\"  width=\"100%\"  height=\"720\"  frameborder=\"0\"  allowtransparency=\"true\"  style=\";width:100%;height:720px;\" ><\/iframe><script type=\"text\/javascript\">var ifrm_advanced_iframe = document.getElementById(\"advanced_iframe\");var hiddenTabsDoneadvanced_iframe = false;\r\nfunction resizeCallbackadvanced_iframe() {}function aiChangeUrl(loc) {}<\/script><script type=\"text\/javascript\"><\/script><\/div>\n\t\t\t\t<\/div>\n\t\t\t\t<\/div>\n\t\t\t\t\t<\/div>\n\t\t<\/div>\n\t\t\t\t\t\t\t<\/div>\n\t\t<\/section>\n\t\t\t\t<section class=\"elementor-section elementor-top-section elementor-element elementor-element-0f371f6 elementor-section-boxed elementor-section-height-default elementor-section-height-default\" data-id=\"0f371f6\" data-element_type=\"section\">\n\t\t\t\t\t\t<div class=\"elementor-container elementor-column-gap-default\">\n\t\t\t\t\t<div class=\"elementor-column elementor-col-100 elementor-top-column elementor-element elementor-element-17221f2\" data-id=\"17221f2\" data-element_type=\"column\">\n\t\t\t<div class=\"elementor-widget-wrap elementor-element-populated\">\n\t\t\t\t\t\t\t\t<div class=\"elementor-element elementor-element-b42f3f5 elementor-widget elementor-widget-text-editor\" data-id=\"b42f3f5\" data-element_type=\"widget\" data-widget_type=\"text-editor.default\">\n\t\t\t\t<div class=\"elementor-widget-container\">\n\t\t\t\t\t\t\t\t<p style=\"text-align: justify;\">Una de las principales problem\u00e1ticas industriales corresponde a las condiciones \u00f3ptimas de uso de cada enzima, debido a que la mayor\u00eda de los procesos se realizan con cambios de temperatura. Por lo cual, es de gran relevancia que la b\u00fasqueda de nuevas enzimas se relacione directamente con organismos extrem\u00f3filos que otorguen capacidad de crecimiento en condiciones extremas.<\/p><p>Directamente relacionado a la variedad de enzimas que se esperan obtener y analizar, se construy\u00f3 este gr\u00e1fico din\u00e1mico de relaciones, el que permite obtener las variadas l\u00edneas de aplicaci\u00f3n que puede tener un segmento de prote\u00ednas y c\u00f3mo esto se relaciona con el rendimiento que estas tengan, asociados a su origen.<\/p><p style=\"text-align: justify;\">En primer lugar, se clasificaron las 350.000 secuencias acorde a la industria en la cual puede utilizarse, informaci\u00f3n que se encuentra en detalle en la secci\u00f3n del \u201cResultado 1\u201d, los resultados que se visualizan se subidividen en 8 tipos de industrias, las que se relacionan de forma directa con los diversos tipos de enzimas, siendo finalmente 11 los grupos de principal uso validad en el mercado. Estos grupos proteicos contienen informaci\u00f3n espec\u00edfica de cada tipo de secuencia y su asociaci\u00f3n al origen desde el cual provienen, por lo tanto, en tercer lugar, se vinculan con los organismos desde los cuales se obtuvieron. Para finalmente, ligarlo con el tipo de comportamiento que tiene ese tipo de organismo a condiciones extremas, espec\u00edficamente con la temperatura.<\/p>\t\t\t\t\t\t<\/div>\n\t\t\t\t<\/div>\n\t\t\t\t\t<\/div>\n\t\t<\/div>\n\t\t\t\t\t\t\t<\/div>\n\t\t<\/section>\n\t\t\t\t\t\t<\/div>\n\t\t\t\t\t<\/div>\n\t\t","protected":false},"excerpt":{"rendered":"<p>RELACI\u00d3N APLICACI\u00d3N\/ORIGEN Con la finalidad de obtener un sistema que permita clasificar toda la informaci\u00f3n disponible de cada prote\u00edna, es que se cre\u00f3 una herramienta bioinform\u00e1tica que caracteriza mediante diversos &#8230;<\/p>\n","protected":false},"author":3,"featured_media":0,"parent":0,"menu_order":0,"comment_status":"closed","ping_status":"closed","template":"","meta":[],"_links":{"self":[{"href":"https:\/\/protechlab.cl\/enzimas-industriales\/wp-json\/wp\/v2\/pages\/1599"}],"collection":[{"href":"https:\/\/protechlab.cl\/enzimas-industriales\/wp-json\/wp\/v2\/pages"}],"about":[{"href":"https:\/\/protechlab.cl\/enzimas-industriales\/wp-json\/wp\/v2\/types\/page"}],"author":[{"embeddable":true,"href":"https:\/\/protechlab.cl\/enzimas-industriales\/wp-json\/wp\/v2\/users\/3"}],"replies":[{"embeddable":true,"href":"https:\/\/protechlab.cl\/enzimas-industriales\/wp-json\/wp\/v2\/comments?post=1599"}],"version-history":[{"count":14,"href":"https:\/\/protechlab.cl\/enzimas-industriales\/wp-json\/wp\/v2\/pages\/1599\/revisions"}],"predecessor-version":[{"id":1674,"href":"https:\/\/protechlab.cl\/enzimas-industriales\/wp-json\/wp\/v2\/pages\/1599\/revisions\/1674"}],"wp:attachment":[{"href":"https:\/\/protechlab.cl\/enzimas-industriales\/wp-json\/wp\/v2\/media?parent=1599"}],"curies":[{"name":"wp","href":"https:\/\/api.w.org\/{rel}","templated":true}]}}